4).
-8
Let h(z) = -z**3 + 11*z**2 + 12*z + 18. Calculate h(5).
228
Let h(p) = p**2 - 1201*p - 7238. Give h(-6).
4
Let a(n) = -48*n + 664. What is a(14)?
-8
Let g(j) = 19*j**3 - 10*j**2 + 2*j + 4. Calculate g(-1).
-27
Let s(o) = 26*o + 32. Give s(4).
136
Let a(g) = 2*g**3 - 3*g**2 - 37*g + 124. What is a(5)?
114
Let i(u) = -20*u**2 - 49*u - 48. Calculate i(-1).
-19
Let q(m) = -6*m**3 + m**2 + 5*m - 5. What is q(-3)?
151
Let a(r) = r**3 - 49*r**2 + 592*r + 38. Calculate a(22).
-6
Let p(g) = -45*g**2 + 991*g - 21. Calculate p(22).
1
Let o(n) = 14*n + 149. Give o(0).
149
Let d(h) = -h**3 - 3*h**2 - 48*h - 890. Determine d(-9).
28
Let s(q) = -2*q**3 + 41*q**2 - 16*q + 30. Determine s(20).
110
Let w(k) = -k**2 + 310*k - 23935. What is w(146)?
9
Let i(r) = -40*r + 853. What is i(21)?
13
Let b(a) = -3*a**3 - 11*a**2 + 51*a - 140. Calculate b(3).
-167
Let u(s) = s**3 - 294*s**2 + 2*s - 591. Calculate u(294).
-3
Let l(r) = -34*r**2 + 83*r + 46. Determine l(3).
-11
Let d(z) = 67*z + 3099. What is d(-46)?
17
Let n(h) = -h**3 - 57*h**2 - 261*h - 130. What is n(-52)?
-78
Let u(i) = -22*i**3 - 173*i**2 + 28*i + 31. What is u(-8)?
-1
Let n(x) = -6931*x - 55417. Give n(-8).
31
Let j(f) = -2*f**2 - 301*f - 8410. Calculate j(-37).
-11
Let a(s) = 8*s + 62. Give a(-6).
14
Let r(n) = -15*n**3 - 5*n**2 - 12*n + 40. Determine r(3).
-446
Let d(c) = c**2 - 224*c + 12450. Calculate d(101).
27
Let f(g) = g**2 - 343*g + 4966. Give f(15).
46
Let t(d) = -10*d**3 - 2*d**2 + 15*d + 31. Calculate t(-3).
238
Let i(q) = -14*q + 164. Calculate i(9).
38
Let t(c) = 272*c + 96832. Determine t(-356).
0
Let t(j) = -j**3 + 10*j**2 - 45*j + 381. Determine t(7).
213
Let p(y) = y**3 - 115*y**2 + 846*y + 72. What is p(8)?
-8
Let h(p) = 27*p - 32. Calculate h(3).
49
Let v(q) = -21*q - 31. What is v(-5)?
74
Let v(f) = f**2 + 71*f + 581. Give v(-50).
-469
Let w(x) = -16*x + 264. What is w(17)?
-8
Let n(m) = 12*m - 461. Determine n(39).
7
Let p(l) = -3*l**3 - 34*l**2 - 70*l + 162. Give p(-6).
6
Let n(h) = h**3 + 6*h**2 - 21*h - 15. Determine n(-8).
25
Let p(t) = t**3 - 2*t**2 - 22*t - 20. Determine p(-1).
-1
Let s(v) = -v**2 - 36*v - 27. Give s(-42).
-279
Let t(j) = 53*j - 253. What is t(6)?
65
Let t(v) = v**2 + 27*v + 77. Determine t(-15).
-103
Let f(o) = -4*o**3 - 2*o**2 + 11*o - 21. Determine f(3).
-114
Let q(t) = 140*t - 1172. Give q(9).
88
Let j(g) = 9*g**3 + g**2 - 12. Give j(-3).
-246
Let u(c) = -308*c - 12315. Calculate u(-40).
5
Let a(h) = h**3 + 12*h**2 + 3*h - 17. What is a(-12)?
-53
Let d(o) = 12*o**2 + 7*o - 27. Determine d(2).
35
Let z(w) = w**3 + 39*w**2 + 87*w + 116. What is z(-37)?
-365
Let c(h) = -163*h - 2595. Calculate c(-16).
13
Let l(q) = q**3 + 17*q**2 - 54*q + 75. Give l(-20).
-45
Let n(w) = w**2 - 47*w - 810. Give n(66).
444
Let d(a) = -1503*a + 33071. What is d(22)?
5
Let k(n) = -275*n + 4752. Give k(17).
77
Let l(d) = 5*d**2 + 138*d + 1460. Give l(-11).
547
Let a(g) = -936*g - 25222. Determine a(-27).
50
Let q(m) = m**2 - 11*m + 68. Give q(6).
38
Let s(a) = 2*a**2 + 5*a + 42. Give s(0).
42
Let s(z) = 2*z**2 + 162*z + 2317. Calculate s(-19).
-39
Let x(r) = 10*r + 135. Determine x(-5).
85
Let c(g) = 1746*g - 61110. Determine c(35).
0
Let s(y) = -16*y + 327. Determine s(17).
55
Let s(x) = -51*x - 1179. Give s(-24).
45
Let h(v) = -2*v**3 + 52*v**2 + 56*v - 61. Determine h(27).
-7
Let r(n) = -31*n - 2956. Calculate r(-79).
-507
Let w(x) = -24*x + 37. Give w(6).
-107
Let u(t) = 81*t - 582. Give u(7).
-15
Let q(j) = -25*j**2 + 9. Give q(1).
-16
Let m(i) = -i**3 - 46*i**2 - 131*i - 87. Determine m(-43).
-1
Let z(y) = -35*y - 248. Calculate z(-11).
137
Let d(x) = x**3 + 9*x**2 - 15*x - 57. Give d(-10).
-7
Let l(z) = -z**2 - 197*z - 386. What is l(-2)?
4
Let c(i) = -i**3 + 4*i**2 + 23. Give c(7).
-124
Let q(i) = -3*i - 73. Calculate q(-22).
-7
Let m(f) = -f**3 + 57*f**2 - 12*f + 877. Calculate m(57).
193
Let v(i) = -i**2 + 24*i + 71. Determine v(22).
115
Let t(m) = 7*m - 44. Determine t(5).
-9
Let v(k) = -k**3 - 17*k**2 - 3*k + 77. Calculate v(2).
-5
Let v(f) = 3227*f - 16128. Determine v(5).
7
Let k(m) = -m**3 + 46*m**2 - 88*m - 44. Determine k(44).
-44
Let w(o) = 623*o + 25556. Calculate w(-41).
13
Let y(d) = -d**3 - 9*d**2 - 22*d - 33. Determine y(-6).
-9
Let t(q) = -q**3 + 29*q**2 - 102*q + 45. Determine t(25).
-5
Let h(l) = 15*l**2 + 19*l + 63. Give h(-3).
141
Let s(j) = 8*j**3 + 4*j**2 - 2*j + 4. Determine s(2).
80
Let i(p) = 887*p + 581. Determine i(-1).
-306
Let g(n) = n**3 + 24*n**2 - 32*n + 521. Calculate g(-26).
1
Let x(h) = -16*h - 217. What is x(-12)?
-25
Let p(d) = 243*d - 39. What is p(3)?
690
Let f(s) = 26*s**2 + 751*s - 83. Determine f(-29).
4
Let s(u) = u**3 - 53*u**2 + 429*u + 21. Determine s(43).
-22
Let x(d) = -101*d + 3298. Give x(33).
-35
Let q(p) = -4*p**2 - 166*p + 122. Calculate q(-43).
-136
Let l(p) = -2*p**3 + 6*p**2 - 5*p - 2. What is l(5)?
-127
Let a(r) = 26*r - 226. Calculate a(6).
-70
Let u(v) = v**2 + 284*v - 1439. Calculate u(5).
6
Let j(k) = 298*k - 896. Calculate j(3).
-2
Let b(h) = -179*h + 935. Calculate b(4).
219
Let c(v) = 3246*v + 12994. Determine c(-4).
10
Let p(g) = -733*g - 79156. Calculate p(-108).
8
Let i(h) = -2*h**3 + 3*h**2 + 99*h - 42. Determine i(-7).
98
Let k(i) = -9*i**2 - 4*i - 2. Determine k(6).
-350
Let p(g) = -g**3 - 2*g**2 + 8*g - 12. Calculate p(3).
-33
Let k(w) = -w**3 - 3*w**2 + 8*w + 10. Calculate k(-4).
-6
Let w(a) = 2*a**2 - 239*a + 1000. Determine w(115).
-35
Let c(y) = -2*y**2 - 25*y + 321. Give c(8).
-7
Let u(v) = 24*v**2 - 24*v + 57. Calculate u(5).
537
Let b(j) = 861*j + 11179. What is b(-13)?
-14
Let s(y) = -y**2 + 25*y + 427. Calculate s(30).
277
Let t(f) = 3*f**2 - 352*f - 2196. Calculate t(-6).
24
Let d(l) = 78*l + 367. Calculate d(-5).
-23
Let x(j) = -8*j**2 - 70*j - 52. Give x(-8).
-4
Let h(n) = -99*n - 292. Give h(-4).
104
Let a(y) = y**3 + 17*y**2 + 75*y + 92. What is a(-11)?
-7
Let i(c) = -29*c + 3109. Determine i(106).
35
Let w(n) = -23*n - 1038. Give w(-46).
20
Let y(f) = -f**2 - 17*f + 1314. Determine y(-49).
-254
Let t(v) = v**3 + 81*v**2 - 354*v - 1189. What is t(-85)?
1
Let r(a) = -a**3 + 3*a**2 + 26. Calculate r(4).
10
Let j(x) = 5*x**2 + 122*x - 74. Give j(-25).
1
Let c(g) = 3*g**3 + 22*g**2 - 164*g + 11. What is c(5)?
116
Let a(u) = -2*u - 24. What is a(-5)?
-14
Let r(h) = 4*h**2 - 175*h + 95. What is r(43)?
-34
Let t(s) = -9059*s + 117761. Determine t(13).
-6
Let j(q) = 65*q - 58. What is j(-4)?
-318
Let v(l) = -2*l**2 - 220*l + 35. Give v(-110).
35
Let x(s) = -s**3 - 63*s**2 - 64*s - 246. Determine x(-62).
-122
Let a(h) = -2*h**2 - 53*h - 267. Determine a(-5).
-52
Let h(p) = 4*p**3 + 23*p**2 - 375*p - 2209. What is h(-6)?
5
Let y(p) = p**2 + 16*p + 97. Calculate y(-19).
154
Let p(u) = -294*u**2 + 7*u - 1. Calculate p(-1).
-302
Let m(p) = -2*p**3 + 8*p**2 + 21*p + 2. Determine m(5).
57
Let i(h) = 14*h + 378. What is i(-18)?
126
Let p(g) = 20*g - 113. Calculate p(18).
247
Let u(h) = h**3 - 6*h**2 - 4*h + 13. Calculate u(4).
-35
Let t(g) = -190*g + 972. Calculate t(5).
22
Let j(t) = -50*t**3 - 3*t**2 + 29*t + 58. Calculate j(-2).
388
Let a(m) = -30*m + 174. Determine a(6).
-6
Let d(h) = h**2 + 8*h - 41. Determine d(8).
87
Let s(a) = -2*a**3 - 48*a**2 - 2. Calculate s(-24).
-2
Let a(v) = -v**3 - 18*v**2 + 347*v + 5903. Give a(-15).
23
Let v(n) = -n**2 + 39*n + 17. Give v(34).
187
Let m(k) = 26*k + 179. Determine m(-10).
-81
Let d(p) = -p**3 + 10*p**2 - 29*p + 36. What is d(7)?
-20
Let g(l) = 2*l**3 - 22*l**2 + 25*l - 44. Give g(11).
231
Let k(r) = 85*r + 169. What is k(-2)?
-1
Let n(t) = -2*t**3 - 10*t + 4. Determine n(-3).
88
Let l(b) = -114*b - 192. Calculate l(-2).
36
Let q(s) = -s**2 + 3862*s + 11596. Calculate q(-3).
1
Let x(c) = -c**3 + 26*c**2 - 132*c - 64. Determine x(19).
-45
Let n(c) = -54*c + 1511. Determine n(28).
-1
Let c(f) = f**2 + 65*f - 269. Calculate c(-71).
157
Let p(q) = -92*q**3 - 549*q**2 + 22*q + 23. Calculate p(-6).
-1
Let a(m) = 51*m + 149. Give a(4).
353
Let l(a) = -3275*a + 19658. Give l(6).
8
Let r(n) = 3*n**3 - 4*n**2 - 6*n + 13. Give r(-2).
-15
Let f(i) = 4*i**3 + 27*i**2 + 2*i + 70. Determine f(-7).
7
Let r(l) = 10*l + 359. Determine r(-7).
289
Let h(q) = 559*q**2 + 1080*q + 2. Determine h(-2).
78
Let v(y) = -58*y + 140. What is v(4)?
-92
Let r(t) = -6*t**3 